{"id":354,"date":"2022-09-22T17:57:01","date_gmt":"2022-09-22T17:57:01","guid":{"rendered":"https:\/\/youthspain.com\/?page_id=354"},"modified":"2024-06-27T10:48:32","modified_gmt":"2024-06-27T10:48:32","slug":"mikel-berlanga","status":"publish","type":"page","link":"https:\/\/youthspain.com\/?page_id=354","title":{"rendered":"Mikel Berlanga"},"content":{"rendered":"\n<p>Co-fundador de la delegaci\u00f3n espa\u00f1ola en el transcurso de la 26\u00ba Youth Assembly y graduado en ADE y Relaciones Internacionales, se ha especializado en internacionalizaci\u00f3n empresarial a trav\u00e9s de un MBA en Comercio Internacional.<\/p>\n\n\n\n<p>Actualmente trabaja como analista comercial y financiero para la Oficina Econ\u00f3mica y Comercial de la Embajada de Espa\u00f1a en Kuala Lumpur. Previamente, consolid\u00f3 su experiencia como senior en el departamento de venta y expansi\u00f3n en Familia Mart\u00ednez, un conglomerado de empresas en el sector alimentaci\u00f3n, adem\u00e1s de dar apoyo en KMZERO, un Hub de innovaci\u00f3n alimentaria puntero tanto a nivel nacional como internacional.<\/p>\n\n\n\n<p>Con miras hacia el futuro, pretende afianzar sus habilidades y desarrollar su carrera profesional en el extranjero para dar respuesta a los desaf\u00edos globales m\u00e1s urgentes.<\/p>\n\n\n\n<figure class=\"wp-block-image size-full\"><img loading=\"lazy\" decoding=\"async\" width=\"1019\" height=\"1019\" src=\"https:\/\/youthspain.com\/wp-content\/uploads\/2022\/09\/Mikel-Berlanga.jpg\" alt=\"\" class=\"wp-image-352\" srcset=\"https:\/\/youthspain.com\/wp-content\/uploads\/2022\/09\/Mikel-Berlanga.jpg 1019w, https:\/\/youthspain.com\/wp-content\/uploads\/2022\/09\/Mikel-Berlanga-300x300.jpg 300w, https:\/\/youthspain.com\/wp-content\/uploads\/2022\/09\/Mikel-Berlanga-150x150.jpg 150w, https:\/\/youthspain.com\/wp-content\/uploads\/2022\/09\/Mikel-Berlanga-768x768.jpg 768w\" sizes=\"auto, (max-width: 1019px) 100vw, 1019px\" \/><figcaption class=\"wp-element-caption\">Mikel Berlanga<\/figcaption><\/figure>\n","protected":false},"excerpt":{"rendered":"<p>Co-fundador de la delegaci\u00f3n espa\u00f1ola en el transcurso de la 26\u00ba Youth Assembly y graduado en ADE y Relaciones Internacionales, se ha especializado en internacionalizaci\u00f3n empresarial a trav\u00e9s de un MBA en Comercio Internacional. Actualmente trabaja como analista comercial y financiero para la Oficina Econ\u00f3mica y Comercial de la Embajada [&hellip;]<\/p>\n","protected":false},"author":1,"featured_media":352,"parent":0,"menu_order":0,"comment_status":"closed","ping_status":"closed","template":"","meta":{"footnotes":""},"class_list":["post-354","page","type-page","status-publish","has-post-thumbnail","hentry"],"jetpack_sharing_enabled":true,"_links":{"self":[{"href":"https:\/\/youthspain.com\/index.php?rest_route=\/wp\/v2\/pages\/354","targetHints":{"allow":["GET"]}}],"collection":[{"href":"https:\/\/youthspain.com\/index.php?rest_route=\/wp\/v2\/pages"}],"about":[{"href":"https:\/\/youthspain.com\/index.php?rest_route=\/wp\/v2\/types\/page"}],"author":[{"embeddable":true,"href":"https:\/\/youthspain.com\/index.php?rest_route=\/wp\/v2\/users\/1"}],"replies":[{"embeddable":true,"href":"https:\/\/youthspain.com\/index.php?rest_route=%2Fwp%2Fv2%2Fcomments&post=354"}],"version-history":[{"count":2,"href":"https:\/\/youthspain.com\/index.php?rest_route=\/wp\/v2\/pages\/354\/revisions"}],"predecessor-version":[{"id":544,"href":"https:\/\/youthspain.com\/index.php?rest_route=\/wp\/v2\/pages\/354\/revisions\/544"}],"wp:featuredmedia":[{"embeddable":true,"href":"https:\/\/youthspain.com\/index.php?rest_route=\/wp\/v2\/media\/352"}],"wp:attachment":[{"href":"https:\/\/youthspain.com\/index.php?rest_route=%2Fwp%2Fv2%2Fmedia&parent=354"}],"curies":[{"name":"wp","href":"https:\/\/api.w.org\/{rel}","templated":true}]}}