{"id":427,"date":"2023-07-15T08:45:05","date_gmt":"2023-07-15T08:45:05","guid":{"rendered":"https:\/\/youthspain.com\/?page_id=427"},"modified":"2023-07-15T08:45:12","modified_gmt":"2023-07-15T08:45:12","slug":"claudia-vidal","status":"publish","type":"page","link":"https:\/\/youthspain.com\/?page_id=427","title":{"rendered":"Claudia Vidal"},"content":{"rendered":"\n<p>Estudiante de Global Studies en la Universidad de Salamanca,&nbsp;<a href=\"https:\/\/www.instagram.com\/claudivigo\/\">@claudivigo<\/a>&nbsp;es una de los nuevos integrantes de la delegaci\u00f3n espa\u00f1ola para la 28\u00aa edici\u00f3n de la Youth Assembly. Tras haber probado suerte en el Grado en Econom\u00eda, Claudia se dio cuenta de que lo suyo eran las Relaciones Internacionales, el Derecho P\u00fablico y los Derechos Humanos.<\/p>\n\n\n\n<p>Nacia en Santander y siempre muy conectada con el medioambiente y sobretodo con el cuidado del mar, ha estado involucrada en actividades \u201cverdes\u201d para fomentar la concienciaci\u00f3n social en ayudar a parar el cambio clim\u00e1tico sobretodo en su instituto, en el que fue delegada de la clase en primero y segundo de Bachillerato.<\/p>\n\n\n\n<p>Defensora de las causas perdidas, ha participado en programas de oratoria como el Model of United Nations en la Universidad de Cantabria o ASCIPO (Asociaci\u00f3n de Ciencias Pol\u00edticas de la USAL) y ha sido voluntaria en Siempre Fiel (un refugio canino de Salamanca). Todo ello ha influido soberanamente en sus ganas e inter\u00e9s en luchar por el cambio social y medioambiental, razones que le han llevado a elegir sus actuales estudios.<\/p>\n\n\n\n<figure class=\"wp-block-image size-large\"><img loading=\"lazy\" decoding=\"async\" width=\"1024\" height=\"1024\" src=\"https:\/\/youthspain.com\/wp-content\/uploads\/2023\/07\/IMG_0875-scaled-e1689409004543-1024x1024.jpg\" alt=\"\" class=\"wp-image-411\" srcset=\"https:\/\/youthspain.com\/wp-content\/uploads\/2023\/07\/IMG_0875-scaled-e1689409004543-1024x1024.jpg 1024w, https:\/\/youthspain.com\/wp-content\/uploads\/2023\/07\/IMG_0875-scaled-e1689409004543-300x300.jpg 300w, https:\/\/youthspain.com\/wp-content\/uploads\/2023\/07\/IMG_0875-scaled-e1689409004543-150x150.jpg 150w, https:\/\/youthspain.com\/wp-content\/uploads\/2023\/07\/IMG_0875-scaled-e1689409004543-768x768.jpg 768w, https:\/\/youthspain.com\/wp-content\/uploads\/2023\/07\/IMG_0875-scaled-e1689409004543-1536x1536.jpg 1536w, https:\/\/youthspain.com\/wp-content\/uploads\/2023\/07\/IMG_0875-scaled-e1689409004543.jpg 1920w\" sizes=\"auto, (max-width: 1024px) 100vw, 1024px\" \/><figcaption class=\"wp-element-caption\">Claudia Vidal<\/figcaption><\/figure>\n","protected":false},"excerpt":{"rendered":"<p>Estudiante de Global Studies en la Universidad de Salamanca,&nbsp;@claudivigo&nbsp;es una de los nuevos integrantes de la delegaci\u00f3n espa\u00f1ola para la 28\u00aa edici\u00f3n de la Youth Assembly. Tras haber probado suerte en el Grado en Econom\u00eda, Claudia se dio cuenta de que lo suyo eran las Relaciones Internacionales, el Derecho P\u00fablico [&hellip;]<\/p>\n","protected":false},"author":1,"featured_media":190,"parent":0,"menu_order":0,"comment_status":"closed","ping_status":"closed","template":"","meta":{"footnotes":""},"class_list":["post-427","page","type-page","status-publish","has-post-thumbnail","hentry"],"jetpack_sharing_enabled":true,"_links":{"self":[{"href":"https:\/\/youthspain.com\/index.php?rest_route=\/wp\/v2\/pages\/427","targetHints":{"allow":["GET"]}}],"collection":[{"href":"https:\/\/youthspain.com\/index.php?rest_route=\/wp\/v2\/pages"}],"about":[{"href":"https:\/\/youthspain.com\/index.php?rest_route=\/wp\/v2\/types\/page"}],"author":[{"embeddable":true,"href":"https:\/\/youthspain.com\/index.php?rest_route=\/wp\/v2\/users\/1"}],"replies":[{"embeddable":true,"href":"https:\/\/youthspain.com\/index.php?rest_route=%2Fwp%2Fv2%2Fcomments&post=427"}],"version-history":[{"count":1,"href":"https:\/\/youthspain.com\/index.php?rest_route=\/wp\/v2\/pages\/427\/revisions"}],"predecessor-version":[{"id":428,"href":"https:\/\/youthspain.com\/index.php?rest_route=\/wp\/v2\/pages\/427\/revisions\/428"}],"wp:featuredmedia":[{"embeddable":true,"href":"https:\/\/youthspain.com\/index.php?rest_route=\/wp\/v2\/media\/190"}],"wp:attachment":[{"href":"https:\/\/youthspain.com\/index.php?rest_route=%2Fwp%2Fv2%2Fmedia&parent=427"}],"curies":[{"name":"wp","href":"https:\/\/api.w.org\/{rel}","templated":true}]}}